hundreds digit of 4615661?
6
What is the millions digit of 1851037?
1
What is the units digit of 171009?
9
What is the millions digit of 2581562?
2
What is the hundreds digit of 95603?
6
What is the tens digit of 4174641?
4
What is the ten thousands digit of 420488?
2
What is the tens digit of 1273405?
0
What is the thousands digit of 11949620?
9
What is the ten thousands digit of 3675822?
7
What is the ten millions digit of 11836789?
1
What is the thousands digit of 7945386?
5
What is the units digit of 847823?
3
What is the hundred thousands digit of 3806272?
8
What is the tens digit of 1026644?
4
What is the tens digit of 847867?
6
What is the millions digit of 2577295?
2
What is the tens digit of 3127126?
2
What is the tens digit of 2522537?
3
What is the thousands digit of 44743?
4
What is the hundreds digit of 2380515?
5
What is the thousands digit of 10506992?
6
What is the thousands digit of 51774?
1
What is the hundreds digit of 4703442?
4
What is the units digit of 6333188?
8
What is the tens digit of 1203377?
7
What is the hundreds digit of 7767149?
1
What is the tens digit of 22639?
3
What is the tens digit of 25754053?
5
What is the units digit of 1296725?
5
What is the units digit of 6222356?
6
What is the hundreds digit of 6928938?
9
What is the tens digit of 314177?
7
What is the tens digit of 67684?
8
What is the millions digit of 1769889?
1
What is the units digit of 6756590?
0
What is the ten thousands digit of 4183486?
8
What is the ten thousands digit of 686833?
8
What is the units digit of 38630?
0
What is the thousands digit of 13063706?
3
What is the ten thousands digit of 563540?
6
What is the thousands digit of 12877761?
7
What is the thousands digit of 125671?
5
What is the ten millions digit of 10045979?
1
What is the units digit of 2701805?
5
What is the tens digit of 3182159?
5
What is the hundred thousands digit of 260128?
2
What is the hundreds digit of 30395?
3
What is the ten thousands digit of 1648824?
4
What is the thousands digit of 559243?
9
What is the tens digit of 10169909?
0
What is the units digit of 13339136?
6
What is the tens digit of 1160824?
2
What is the ten thousands digit of 916609?
1
What is the thousands digit of 187228?
7
What is the hundreds digit of 1497264?
2
What is the thousands digit of 277658?
7
What is the tens digit of 1807685?
8
What is the thousands digit of 628512?
8
What is the units digit of 67582?
2
What is the ten thousands digit of 13790016?
9
What is the thousands digit of 343888?
3
What is the thousands digit of 14534?
4
What is the thousands digit of 5937561?
7
What is the units digit of 582592?
2
What is the thousands digit of 152863?
2
What is the thousands digit of 4470426?
0
What is the hundred thousands digit of 9715530?
7
What is the units digit of 21673608?
8
What is the hundred thousands digit of 1095334?
0
What is the millions digit of 28700735?
8
What is the units digit of 4538249?
9
What is the millions digit of 4159783?
4
What is the hundred thousands digit of 282785?
2
What is the thousands digit of 1259170?
9
What is the units digit of 571541?
1
What is the hundreds digit of 71610?
6
What is the hundreds digit of 3760896?
8
What is the tens digit of 391495?
9
What is the tens digit of 1064879?
7
What is the hundreds digit of 9487037?
0
What is the tens digit of 1668819?
1
What is the units digit of 3845774?
4
What is the units digit of 12226600?
0
What is the hundred thousands digit of 9335700?
3
What is the tens digit of 25985?
8
What is the units digit of 353129?
9
What is the units digit of 2309649?
9
What is the ten thousands digit of 1523999?
2
What is the units digit of 2655439?
9
What is the millions digit of 7002021?
7
What is the units digit of 1985853?
3
What is the units digit of 3061529?
9
What is the ten thousands digit of 447368?
4
What is the thousands digit of 46613?
6
What is the units digit of 5059226?
6
What is the ten thousands digit of 342810?
4
What is the thousands digit of 2238928?
8
What is the thousands digit of 818496?
8
What is the units digit of 67975?
5
What is the hundred thousands digit of 317787?
3
What is the units digit of 227712?
2
What is the hundreds digit of 427680?
6
What is the hundreds digit of 25210735?
7
What is the units digit of 265961?
1
What is the units digit of 10661?
1
What is the units digit of 12629492?
2
What is the hundred thousands digit of 5262434?
2
What is the hundred thousands digit of 1699447?
6
What is the thousands digit of 180930?
0
What is the thousands digit of 942014?
2
What is the thousands digit of 5799000?
9
What is the units digit of 90551?
1
What is the ten thousands digit of 37570?
3
What is the thousands digit of 156593?
6
What is the ten thousands digit of 53491?
5
What is the thousands digit of 4893284?
3
What is the units digit of 265783?
3
What is the ten thousands digit of 6344636?
4
What is the ten millions digit of 20482961?
2
What is the units digit of 6294?
4
What is the units digit of 337450?
0
What is the hundreds digit of 7205064?
0
What is the hundred thousands digit of 18536671?
5
What is the thousands digit of 894757?
4
What is the thousands digit of 18454831?
4
What is the hundreds digit of 2410194?
1
What is the hundred thousands digit of 156379?
1
What is the tens digit of 3100979?
7
What is the thousands digit of 381895?
1
What is the thousands digit of 17826?
7
What is the thousands digit of 213532?
3
What is the hundreds digit of 117233?
2
What is the millions digit of 5438716?
5
What is the tens digit of 2414593?
9
What is the hundreds digit of 22751?
7
What is the hundreds digit of 467404?
4
What is the thousands digit of 559935?
9
What is the millions digit of 20357577?
0
What is the units digit of 629420?
0
What is the tens digit of 33429393?
9
What is the hundred thousands digit of 224132?
2
What is the hundred thousands digit of 263012?
2
What is the ten thousands digit of 6405575?
0
What is the units digit of 887674?
4
What is the millions digit of 2324748?
2
What is the units digit of 8822206?
6
What is the ten millions digit of 30289396?
3
What is the thousands digit of 470263?
0
What is the ten thousands digit of 374742?
7
What is the units digit of 15101198?
8
What is the tens digit of 196884?
8
What is the units digit of 2008303?
3
What is the ten thousands digit of 701705?
0
What is the hundreds digit of 68472?
4
What is the units digit of 373331?
1
What is the hundreds digit of 25222600?
6
What is the hundreds digit of 152255?
2
What is the ten thousands digit of 20922234?
2
What is the hundreds digit of 91725?
7
What is the hundred thousands digit of 561637?
5
What is the units digit of 769360?
0
What is the ten thousands digit of 3380408?
8
What is the units digit of 181217?
7
What is the thousands digit of 5241722?
1
What is the units digit of 647123?
3
What is the hundreds digit of 4216305?
3
What is the millions digit of 7224312?
7
What is the tens digit of 6395584?
8
What is the units digit of 501979?
9
What is the hundred thousands digit of 5197810?
1
What is the ten thousands digit of 9451526?
5
What is the thousands digit of 929056?
9
What is the thousands digit of 1225955?
5
What is the ten thousands digit of 3845129?
4
What is the thousands digit of 461258?
1
What is the hundreds digit of 59193?
1
What is the hundreds digit of 797700?
7
What is the thousands digit of 136455?
6
What is the hundred thousands digit of 601305?
6
What is the tens digit of 238299?
9
What is the thousands digit of 9473566?
3
What is the hundreds digit of 29089?
0
What is the units digit of 5412759?
9
What is the hundreds digit of 13745285?
2
What is the ten thousands digit of 9324470?
2
What is the hundreds digit of 239447?
4
What is the tens digit of 743609?
0
What is the hundred thousands digit of 2519284?
5
What is the hundreds digit of 2594319?
3
What is the tens digit of 2187954?
5
What is the hundred thousands digit of 8498018?
4
What is the hundred thousands digit of 336995?
3
What is the tens digit of 213210?
1
What is the hundred thousands digit of 788866?
7
What is the tens digit of 30330412?
1
What is the thousands digit of 5845054?
5
What is the thousands digit of 293871?
3
What is the hundred thousands digit of 313295?
3
What is the tens digit o